 w + 3*v - 988 = 0. What are the prime factors of w?
991
Let s = 3044 + 334. Let t = s + -1996. What are the prime factors of t?
2, 691
Let i = 76797 - 31439. What are the prime factors of i?
2, 22679
Suppose -8*n + 736 = -0*n. Suppose 89*w = n*w - 12. Suppose -972 = w*a - 13*a. List the prime factors of a.
2, 3
Suppose -14*y + 79*y - 307719 - 127001 = 0. List the prime factors of y.
2, 11, 19
Suppose -4*z + 16 = 0, -i + 5*z = -5*i - 12. Let k be 1778/i - ((-57)/(-12) - 5). Let d = -129 - k. List the prime factors of d.
3, 31
Let q = -19 - -24. Suppose -312 = -4*t + 2*z, 4*t - 153 = q*z + 171. List the prime factors of (-1)/((-3 + 236/t)/(-8)).
2, 19
Suppose -15*u + 75 = -0*u. Suppose -u*q - 10 - 5 = 0. What are the prime factors of 0 + 6/18 - 287/q?
2, 3
Let a(m) be the third derivative of -m**6/60 + m**5/60 - m**4/6 - 2*m**3/3 - 13*m**2. What are the prime factors of a(-4)?
2, 3, 13
Let m = 1622 + -76. What are the prime factors of (-27)/81 - m/(-3)?
5, 103
Suppose 33 = 4*b - 5*n - 2, 10 = b - n. Suppose 16*p - 15 = b*p. What are the prime factors of p?
3, 5
Suppose -3*z + 6*c + 5919 = -1524, -12396 = -5*z + c. List the prime factors of z.
37, 67
Let o = -40 - -88. Suppose 144 = -m + 2*m + 2*h, -3*m + h + 439 = 0. Let u = m - o. What are the prime factors of u?
2, 7
Suppose 172*m = 249*m - 669438. What are the prime factors of m?
2, 3, 7, 23
Let x(y) = 115*y - 15. Let l(w) = -58*w + 8. Let j(b) = -11*l(b) - 6*x(b). What are the prime factors of j(-12)?
2, 313
Let j(y) = -3*y**2 - 5*y**3 + 7*y**2 - 2*y**3 + 4 + 6*y**3. Let f be j(4). Suppose 0 = f*n - 0*n + 4, x + 2*n = 44. List the prime factors of x.
2, 23
Suppose -4*o - 27 = -o. Let b(v) = v**2 - 4*v - 12. Let x be b(o). Suppose 5*f = 95 + x. What are the prime factors of f?
2, 5
Let o(r) be the third derivative of r**4/6 - 7*r**3/2 + 24*r**2. Let h be o(7). Suppose 0 = 6*f - h*f + 201. List the prime factors of f.
3, 67
Suppose 21*u - 2764518 + 1094409 = 0. List the prime factors of u.
67, 1187
Suppose -2*u - 5 = -4*a - 25, 3*u - 20 = 4*a. Let l be (51/85)/((-1 + 0)/a). What are the prime factors of 1*(-339)/l*-1?
113
Suppose -2*y + 71 = -5*l, 5*l - 4*y + 24 + 43 = 0. Let o be (-7 + 4)*10/l. Suppose -4*v = o*q - 0*v - 198, 5*v = 15. What are the prime factors of q?
3, 31
Let j = -6689 + 22546. List the prime factors of j.
101, 157
Let f(n) = 11*n**2 - 41*n + 124. Let m(q) = 5*q**2 - 20*q + 62. Let l(c) = -3*f(c) + 7*m(c). Suppose 120 = 29*d - 9*d. List the prime factors of l(d).
2
Let y = 2 - -2. Suppose n = -3*u + 14, -4*n + 0*n + 40 = -y*u. Suppose 0 = n*r - 2*r - 972. List the prime factors of r.
2, 3
Let i = -10271 - -16396. List the prime factors of i.
5, 7
Let m = 63 + 34. Let j = m - 49. What are the prime factors of j/2 + 2 + 1?
3
Let n(t) = -2*t**2 - 9*t + 10. Let y be n(-5). Suppose 6*d - y*d + 2*a - 866 = 0, 0 = -3*d + 2*a + 2566. What are the prime factors of d?
2, 3, 11, 13
Suppose 13 = -5*b + 2*r, 2*b - 4*b - 2*r - 8 = 0. Let s be 0/((1 + -4 - -2) + -1). List the prime factors of 7 + b + s + 17.
3, 7
Suppose -13*l + 6417 = -31569. What are the prime factors of l?
2, 3, 487
Let p be -4 + 238 + -4 + 0. Suppose 49*n - p = 44*n. Suppose 0 = i - 106 - n. List the prime factors of i.
2, 19
Suppose 658 = 3*o - 10*o. Let k = 2 + o. Let t = k - -231. List the prime factors of t.
139
Let n(l) = 21*l**2 + l - 19 - 7 + 17 - 14. What are the prime factors of n(4)?
317
Suppose -o - 85*z = -87*z - 6003, 3*o - 5*z = 18010. List the prime factors of o.
5, 1201
List the prime factors of (27/(-15) + (-407)/(-165))*(1 + 29012).
2, 19, 509
Let t(y) = 6*y - 174. Let m be t(29). Suppose -5*d - 3*u + 642 = m, -2*d - u = -0*d - 257. What are the prime factors of d?
3, 43
Let k be -2 - (3 + -7) - 2. Suppose k + 2 = -2*r. What are the prime factors of (-232)/(-12) + r/3?
19
Let n = 4591 + -2561. What are the prime factors of n?
2, 5, 7, 29
Suppose -4*a + 45409 = -y, 4*y - 8*y - 56764 = -5*a. List the prime factors of a.
2, 3, 11, 43
Let l be (0 - -2)*2*-1. Suppose -2*m = -24*m + 9*m + 312. List the prime factors of (-12)/m - 966/l.
241
Let h be ((-112)/(-12))/((-16)/(-60)). List the prime factors of 6/(-10) + 7/h*3523.
2, 11
Suppose 5*m = -3*p + 7 + 27, 0 = -5*m - 2*p + 31. What are the prime factors of (-10 + 11)/(((-5)/(-912))/m)?
2, 3, 19
Let k = -15722 + 22339. What are the prime factors of k?
13, 509
Let l(t) = -4*t**3 + 2*t + 2. Let y(o) = -11*o**3 - o**2 + 6*o + 7. Let g(h) = 17*l(h) - 6*y(h). Let f be g(5). List the prime factors of 2 + 1 - f/1.
11
Let r = 173 - 167. Suppose -r*u + 479 = 29. What are the prime factors of u?
3, 5
Let o(d) = d**3 - 16*d**2 + 16*d + 24. Suppose -5*t + 10*t - 70 = 0. Let y be o(t). Let h = y - -256. What are the prime factors of h?
2, 7
Let b(c) = 505*c**2 - 25*c + 5. List the prime factors of b(-7).
5, 997
Suppose -2*f = l - 15, -l + 5*f - 20 = -0*f. Suppose l*a - 282 = 273. What are the prime factors of a?
3, 37
Suppose -5*b = 2*y - 13, 5*y + b = 6*y - 17. Suppose 0 = -c - y*c + 7005. List the prime factors of c.
467
Let l(x) = -2*x - 1. Let s(c) = -c**2 + 5*c + 33. Let g(n) = -4*l(n) - s(n). List the prime factors of g(10).
101
Let r = 29858 + -4471. What are the prime factors of r?
53, 479
Suppose p = -2*l + 102596, 5*p = -2*l + 3*p + 102604. List the prime factors of l.
2, 3, 83, 103
Suppose 156 = 4*u - 2*u. Suppose -7*n + 1539 = -u. Suppose -n + 1311 = 12*x. What are the prime factors of x?
2, 3, 5
Let b = 1 - -2. Let w(c) = 919*c + 98. Let q be w(0). Suppose -3*i - q = -3*v + v, b*i = 0. List the prime factors of v.
7
Suppose 18 = -6*d, 81*d + 95896 = 5*l + 79*d. List the prime factors of l.
2, 43, 223
Let v = -200 + 212. Suppose 0 = 4*d - 3*b - 1892, 5*b + 2360 = 17*d - v*d. List the prime factors of d.
2, 7, 17
Suppose -1072 = -c + 2*l + 43, -3*c - 5*l + 3312 = 0. Suppose 0 = 6*n - c - 1309. What are the prime factors of n?
13, 31
Let z(i) = -4*i - 1. Let w be ((-4)/10)/(-4*(-1)/20). Let r(b) = -b. Let l(s) = w*r(s) + z(s). What are the prime factors of l(-12)?
23
Let d(f) = f**3 - 5*f**2 + 8*f - 6. Let v be d(3). Let s be ((-52)/(-8))/(1/46). Suppose 2*t - 2*g = 120, v*t - 4*g - s = -5*t. List the prime factors of t.
59
Suppose 868*w = 4*d + 866*w - 58112, -2*w - 43586 = -3*d. What are the prime factors of d?
2, 3, 269
Suppose 19*d = 18*d + 6. Suppose d*o = -2*o + 8. Let p(n) = 138*n**3 - 2*n**2 + 3*n - 1. List the prime factors of p(o).
2, 3, 23
Let h(f) = -196*f**3 + f**2 + 3*f + 2. Let v(z) = z + 2*z**3 - z - 5*z**2 - 3*z**3 - 6*z - 1. Let c be v(-2). What are the prime factors of h(c)?
2, 7
Suppose -9*n = -0*n - 117. Suppose n*z = 15*z - 162. List the prime factors of z.
3
Let t = -448 - -5478. What are the prime factors of t?
2, 5, 503
Suppose -2*b + 14 = 3*s, 0 = 2*s + 5*b - 6*b. What are the prime factors of 1677/86*2*s?
2, 3, 13
Let p = 15349 + 583. List the prime factors of p.
2, 7, 569
Suppose -23*o + 93 + 206 = 0. Suppose -847 = -o*v + 986. List the prime factors of v.
3, 47
Suppose 12*g - 7*g - 3*c - 71915 = 0, 57564 = 4*g + 4*c. List the prime factors of g.
2, 7193
Suppose -238660 = -5*f + 42*i - 47*i, 2*i - 238669 = -5*f. What are the prime factors of f?
5, 9547
Let m(j) = j**3 - 6*j**2 + 11*j + 7. Let g be 5 + -2 + 11 - 5. List the prime factors of m(g).
349
Let s(q) = -4*q + 13. Let u be s(-4). Suppose 0 = -6*o + 731 - 257. Let t = u + o. List the prime factors of t.
2, 3
Suppose -y - 3212 = -5*d - 169, 2*d - 1207 = -3*y. Suppose -2*m = -d + 34. What are the prime factors of m?
7, 41
What are the prime factors of ((-153)/15)/(17 - 131248/7720)?
3, 17, 193
Let z = -6281 + 11023. What are the prime factors of z?
2, 2371
Let g = -24 + -246. Let c = g - -1210. List the prime factors of c.
2, 5, 47
Let p = 15953 + -11725. What are the prime factors of p?
2, 7, 151
What are the prime factors of ((-1)/(2/(-73)))/((-3)/(-18))?
3, 73
Let p(g) = -1879*g - 2654. What are the prime factors of p(-5)?
3, 7, 107
Let b(g) = -1005*g - 1. Let m be b(-2). Let n = -1205 + m. What are the prime factors of n?
2, 3, 67
Suppose 20648 = 4*v + 12*v - 58344. List the prime factors of v.
4937
Let j(p) = -p**3 - 20*p**2 + 2*p + 45. Let y be j(-20). Suppose 807 = y*g - 5*u - 6348, 5718 = 4*g - u. What are the prime factors of g?
1429
Suppose -466*j + 471*j = -209